5*t = s - 45, 5*s - 3*s - z*t - 55 = 0. Calculate the highest common factor of s and 20.
20
Suppose -4*i - 5*i + 135 = 0. Let a be 18 - i/10*(-4)/3. Suppose -5*n + 3*f = -584 + 169, -2*f = -2*n + 170. Calculate the greatest common factor of a and n.
20
Suppose 9*w - 18 - 36 = 0. Let v be (4 - (-75)/w)*28/6. What is the highest common divisor of 21 and v?
7
Suppose 10857 - 140313 = -103*u + 31*u. What is the highest common factor of u and 58?
58
Let p(a) = a**3 + 41*a**2 - 166*a - 1451. Let h be p(-44). Calculate the highest common factor of h and 8865.
45
Suppose 0 = 5*z - 40. Let g = 1508 + -606. Let l be g/16 + 0 + 9/(-24). Calculate the greatest common divisor of z and l.
8
Suppose 2*m - 11*v = 18250, 2*m = -3*v + 25556 - 7278. Calculate the highest common divisor of m and 16.
16
Let v be 9*((-98)/(-63))/(-7). Let p be (v/1)/((-3)/(3 - -33)). Calculate the greatest common divisor of 60 and p.
12
Suppose 8 = -3*g - m + 12, 0 = 2*g + 3*m - 12. Suppose 7*q + 9*q - 1920 = g. What is the greatest common factor of q and 40?
40
Let l be (2 + 24)/((-3)/(3 - 90)). What is the highest common divisor of l and 87?
29
Let c be 1/(0 + (-2)/(-16)). What is the highest common factor of c and 1384?
8
Suppose -1320 = 113*v - 116*v + 4*t, -3*v + 1338 = -t. Suppose o + o - 56 = 0. What is the highest common divisor of v and o?
28
Let l be -2 - -2 - (-156)/(-3). Let g be 2/(-13) - 1/(l/112). Calculate the greatest common divisor of g and 8.
2
Suppose -3*a = 3*z + 2*a - 68, -20 = -5*a. Suppose 10 = -3*g + 1. Let y = g + z. Calculate the highest common divisor of y and 39.
13
Let g be (-4 - 2)*(-3)/(18/(-76)). Let c = g + 97. Let p be (-4)/((-8)/3)*(c - 5). What is the greatest common divisor of 216 and p?
24
Let u(x) = x**3 - 4*x**2 - 2*x - 9. Let h be u(5). Let w be (-8)/((-1)/(15/h)). Let c be (-850)/w*(-8)/10. Calculate the highest common divisor of c and 17.
17
Let c = -772 - -842. Let r be 1*(3 - -1 - 0). Suppose 0 = r*z - 3*z - 2*v - 8, 45 = 4*z + 5*v. Calculate the highest common divisor of c and z.
10
Let t(j) = -j**3 + 10*j**2 - 2*j + 25. Let w be (-34)/(-8) + (-5)/20 - -5. Let i be t(w). Calculate the highest common divisor of 22 and i.
22
Let k = 20 + -13. Suppose -3*w = -5*i + 32, w - k = -2*i - 3. Let q(c) = 7*c + 12. Let u be q(i). Calculate the greatest common factor of u and 40.
40
Suppose 4*t = -2*a + 392, -191 = -4*a - 4*t + 593. Let u be 1 - (-145)/(3 + 2). Let n = u + -16. What is the highest common factor of n and a?
14
Suppose 0*c = -3*c + 486. Suppose -c = a - 4*a. Let t(f) = -f**3 - 59*f**2 - 555*f + 429. Let q be t(-47). What is the highest common divisor of q and a?
6
Suppose 0 = -3*z - 2*x + 299 + 305, -2*z - 4*x + 392 = 0. Let k = 26 + 25. Calculate the highest common divisor of k and z.
51
Let r = 371 - 367. Suppose 0 = -r*j + 16*j - 132. What is the greatest common divisor of j and 5?
1
Let s(u) = 2572*u + 10339. Let g be s(-4). Let r = 6 + -4. Suppose 0 = z + 5*h - 9, -r*z = 3*z - 5*h - 195. Calculate the greatest common divisor of g and z.
17
Suppose -y - 5*l = -24, 2*y + 0*y - 20 = -3*l. Suppose 0 = y*m + 114 - 106. Let c be (42/(-4)*m)/1. Calculate the greatest common factor of c and 3.
3
Suppose -x - 14 = -2*b, -17*b - 4*x = -19*b + 26. Calculate the greatest common factor of b and 1665.
5
Let n = 667 - -76. Suppose -5*f = 4*d - n, -d + 2*f - 4*f = -188. Calculate the highest common factor of 52 and d.
26
Suppose -r - 4*r - 5*p = -320, 2*r = 3*p + 138. Let x = r - 46. What is the greatest common divisor of x and 16?
4
Let w(h) = -185*h - 6 + 28 + 2 + 201*h. Let u be w(8). What is the highest common divisor of u and 8?
8
Suppose -3 = -q, 3*q = l + 2*l + 3. Suppose -4*v + 3*f = 7, 0*f = 5*v + l*f - 20. Let w be 172 + v/3*-3. What is the highest common factor of w and 17?
17
Let a = 10517 + -10430. Calculate the greatest common divisor of 3509 and a.
29
Let f(y) = 3*y**2 + y + 5. Let o be f(4). Suppose d + 6*m - 16 = 8*m, 0 = -5*d + 11*m + 69. Calculate the greatest common divisor of o and d.
19
Suppose 150 = -2*a + 948. Let d(v) = -22*v - 260. Let g be d(-17). What is the highest common factor of g and a?
57
Let j be (((-576)/5)/(-3))/(3462/11540). Calculate the highest common divisor of j and 21888.
128
Let a be ((-36)/(-6))/(30/25 + (-87)/75). Calculate the highest common factor of 3270 and a.
30
Let g be (-6)/(-4)*(-8)/(-3). Let n(t) = 9*t**2 + 3*t - 2. Let f be n(g). Let b = 262 - 240. What is the greatest common factor of f and b?
22
Let b = 511 - 271. Let o be -4 + (b - -4 - -3). Let c be 4/3*o/18. Calculate the greatest common factor of c and 162.
18
Let x = -83 + 38. Let p be (-39)/x + (-6)/(-45). Let g be 13*(-5)/(-20)*8*p. Calculate the highest common factor of g and 52.
26
Let i = 4774 + -4558. Calculate the highest common factor of 4824 and i.
72
Let c(j) = -j**2 - j + 2. Let r be c(0). Let q be (3/((-90)/12))/((-1)/35). Let f be 6 + -13 + q - 5. Calculate the highest common divisor of r and f.
2
Let m(n) = 88*n + 1418. Let p be m(-4). Calculate the greatest common divisor of 779 and p.
41
Suppose 0 = v - 25 - 49. Let k(m) = -9*m**2 - 1783*m - 1822. Let c be k(-197). Calculate the highest common factor of c and v.
74
Suppose 3*a + 18 = -2*h - 2*a, 0 = -h + 2*a + 9. Suppose -30*r + 206 + 346 = 39*r. Calculate the greatest common factor of r and h.
1
Suppose -l - l + 1252 = -1004. What is the highest common factor of 24 and l?
24
Suppose -4*c + 1 = -3*c, -c = -2*v + 47. Let z(b) = -b - 4. Let x be z(-4). Let s be (0 - (-5 - x)) + 3. Calculate the highest common divisor of s and v.
8
Suppose -22*d + 35*d = 273. Let y(n) = -8*n. Let u be y(3). Let z be ((-35)/(-10))/((-2)/u). What is the greatest common factor of z and d?
21
Let c = 473 + -192. Let o(d) = 11*d**2 - 12*d + 9. Let r be o(4). Let m = c - r. Calculate the highest common factor of m and 16.
16
Suppose -5*u - 5*z + 3*z = -10266, 3*z = 5*u - 10251. What is the highest common divisor of u and 95?
19
Suppose u - 1575 = 3*t, 2296 = u + t + 721. What is the greatest common factor of 2475 and u?
225
Let m(v) = -160*v - 224. Let f be m(-2). Let a be (0 - 4)/((-4)/32). Calculate the highest common factor of a and f.
32
Let u = 56 - 54. Suppose f - 930 = 6*f + 5*v, 0 = -4*f - u*v - 746. Let s = 331 + f. What is the highest common divisor of s and 18?
18
Suppose 4*z - 180 = -z. Suppose -2940 = -142*w + 93*w. Calculate the highest common factor of z and w.
12
Suppose j = -5*m + 3, -5*m = 2*j - 3*j + 13. Suppose v - 7*c - 16 = -10*c, 2*v + j = 4*c. What is the highest common factor of 26 and v?
2
Let w(s) = s**2 + 6*s + 12. Let o be w(-4). Let b be (-2 + (-269 - 1))*o/(-8). Calculate the greatest common divisor of 8 and b.
8
Suppose -2491 - 809 - 2706 = -3*l. Calculate the greatest common divisor of 182 and l.
182
Suppose -2*r - 4*p = -52, 3*r - 6*r + 70 = 2*p. Suppose -4*m + 358 = o, 3732 = 90*o - 80*o + 2*m. Calculate the highest common divisor of r and o.
22
Let l be (4/(-3))/((-4)/12). Suppose 331 = l*v + 303. Calculate the highest common divisor of v and 126.
7
Suppose -16*m = -3*m. Suppose -t + 3*v = -0*v - 8, m = -5*t - 5*v + 60. Let i = 4 - 3. What is the highest common divisor of i and t?
1
Let l be (11380 - -17)/(15/10)*(-2)/(-4). What is the highest common factor of l and 393?
131
Suppose 4*k - 1664 = 4*j, 5*k = -3*j + 2304 - 240. What is the highest common divisor of 54 and k?
18
Suppose b + 1773 = 5*a, a = -b - 2*b + 361. Suppose 23*c = 1047 + 2219. Calculate the highest common factor of a and c.
71
Let z be 0 - 3 - (-174 - -1). Suppose -2*h + z = -9*f + 11*f, -110 = -h + 4*f. Calculate the highest common factor of 45 and h.
45
Suppose -4694 + 681 - 9112 = -35*p. Calculate the highest common divisor of 7375 and p.
125
Suppose 2*a + 274 = -y + 5*y, -y = -5*a - 82. Suppose -v + y = 50. What is the highest common factor of v and 51?
17
Let l(n) = -4*n - 4. Let d be l(-5). Let c(a) = -a**2 - 2*a + 1319. Let v be c(-37). Calculate the greatest common factor of d and v.
8
Let t be (-21 + 0/(-2))*(-10 + 9). Let g = -6 - -8. Suppose 4*s = -4*p + 576, 0 = g*s - 0*p - 2*p - 300. What is the greatest common divisor of s and t?
21
Suppose -5*f + 2260 = -6*x + 8*x, x + 1795 = 4*f. Calculate the greatest common divisor of f and 5550.
150
Let d(k) = -124*k - 469. Let q(